 + q - 1152 = 0, -4*q - q = -i + 246. Let o = i + 1. What is the tens digit of o?
3
Suppose h + 202 = 5*x, -10*h + 2 = -11*h. Let p(a) = -a**3 + 6*a**2 - a + 2. Let i be p(3). Let q = x - i. What is the tens digit of q?
1
Let b(o) = -1393*o + 49. Let m be b(-4). Suppose -m - 3049 = -17*n. What is the hundreds digit of n?
5
Let m = -4259 + 10407. What is the hundreds digit of m?
1
Let k = -2706 + 3323. What is the units digit of k?
7
Let k(c) = -c - 6*c + 2*c - 8. Let a be k(9). Let g = a - -110. What is the tens digit of g?
5
What is the hundreds digit of 536/804 - ((-125488)/30 + (-2)/5)?
1
Let c = -60 - -70. Suppose -6 = -2*j + 2*b - 0*b, -5*j = -4*b - c. What is the units digit of 1052/14 - j/14*-1?
5
Suppose 3*l + 5130 = 2*y - 1903, -3*y - 2*l + 10504 = 0. What is the hundreds digit of y?
5
Let l = 40768 + -25344. What is the thousands digit of l?
5
What is the units digit of 679/(-194)*(-102868)/14 - -6?
3
Let z(u) = 44*u**3 + 4*u**2 + u + 5. Let m(p) = -45*p**3 - 5*p**2 - 2*p - 5. Let v(s) = 5*m(s) + 6*z(s). What is the units digit of v(2)?
5
Let d be 15/(-3) - 1 - 2. Let t(x) = -63*x + 232. What is the hundreds digit of t(d)?
7
Let o(u) = -u**2 - 15*u - 9. Let c be o(-14). Suppose -371 = -5*m - c*z + 99, -m = -4*z - 74. What is the units digit of m?
0
Suppose -4*y - 98456 = 5*z - 9*z, z - 24606 = 3*y. What is the tens digit of z/24 + (-5)/(-4)?
2
Let f(j) = -1517*j - 6918. What is the hundreds digit of f(-12)?
2
Let i(k) = -k**3 - 15*k**2 + 2*k + 32. Let j be i(-15). Suppose 4*m + 3*g - j*g = 3105, -1542 = -2*m - 4*g. What is the hundreds digit of m?
7
Suppose t - 5*f + 379 = 94, -2*f = -4*t - 1050. What is the tens digit of (t/80)/((-1)/48)?
5
Suppose 3*u + h - 366 = -7083, -2*h = 4*u + 8956. Let w = -1343 - u. What is the hundreds digit of w?
8
Let c = -37 - -46. Let y be (-15888)/c - (2 + (-4)/3). What is the tens digit of (-22)/(-143) - y/13?
3
Let u(t) = 17*t + 2*t**3 - 63 + 22*t - 52*t - 16*t**2 + 23*t. What is the units digit of u(10)?
7
Let o = 71315 - 27192. What is the units digit of o?
3
Suppose o - 4*g = 19401, -97081 = -147*o + 142*o + g. What is the thousands digit of o?
9
Let p(b) = -9*b - 20. Let u be p(-3). Let o(n) = 9*n - n**2 - 11 + n**2 + 5*n**2 - u*n. What is the units digit of o(5)?
4
Let u(x) be the second derivative of -x**4/4 + 11*x**3/6 - 13*x**2/2 - 2*x. Let f be u(7). Let i = f + 223. What is the units digit of i?
0
Suppose 4*y + 23*w = 25*w - 94, 3*w - 15 = 0. What is the hundreds digit of (1 + y/28)/(1/1724)?
4
Let d be (-11)/((-396)/(-8)) + 7924/18. Suppose 2*k = 3*h + 1392 + d, 4*h = 0. What is the tens digit of k?
1
Suppose 3*s = -0*s + 6. Suppose 4*g - 18 = -5*q + 2, -s*q + 8 = 0. Suppose 147 = 3*h - 3*v - g*v, 0 = -4*h - 2*v + 178. What is the units digit of h?
6
Let f = -209 - -223. Suppose 0 = -4*q + f*q - 3800. What is the hundreds digit of q?
3
Let j = -12947 + 20529. What is the units digit of j?
2
Let d = -8955 + 15263. Suppose -22*x + d = 2172. What is the units digit of x?
8
Let i = -515 + 671. Suppose 0 = -k - i + 731. What is the tens digit of k?
7
Let f(w) = 13601*w - 3733. What is the units digit of f(4)?
1
Let h = 968 + -985. Let g(j) = j**3 + 21*j**2 - 5*j - 190. What is the hundreds digit of g(h)?
0
Let d = 301 - -305. Suppose -4*i + d = g + 53, 568 = g + i. What is the tens digit of g?
7
Let z = -212 + 509. Suppose -7916 + 21776 = 36*p. Suppose -i = 4*m - z, -5*m + 0*m - 4*i = -p. What is the tens digit of m?
7
Let k = -16 + 34. Let y be 0*(k/4)/(-9). Suppose a = -2*j - 2*j + 83, y = -a - 5*j + 86. What is the tens digit of a?
7
Suppose 0 = 4*y - 6*y - 6, -4*y - 2237 = -5*z. What is the hundreds digit of 45/15 + 1*z + 1?
4
Let s be (164/287)/(1/7). Suppose 0 = 2*l - s*r + 8*r - 28, 3*l - 42 = -4*r. What is the units digit of l?
4
Let d be 5 + (-2)/1 + 2. Let q(v) = 162*v**3 + 4*v - d*v**2 + 54 - 56 + 3*v**2. What is the units digit of q(1)?
2
Let y(n) = 3*n**3 + 15*n**2 + 9*n + 9. Let x = -43 - -36. Let t be y(x). Let g = -189 - t. What is the tens digit of g?
5
Let r(u) = -6*u + 16. Let g be r(3). What is the units digit of -10*(g*(-5)/20 - 2)?
5
Let o = -168 - -174. Suppose 1634 = o*j - 1600. What is the hundreds digit of j?
5
What is the units digit of 146685/33 - (-4)/2?
7
Let d = 392 - 150. Suppose s + 4*s - 202 = -3*y, -5*s = -3*y + d. Let i = 379 - y. What is the hundreds digit of i?
3
Let w(a) = -a**2 - 15*a + 98. Let b be w(-20). Let n(l) = 38*l**2 + 4*l - 8. Let k be n(-6). What is the units digit of b + (-7)/(-5) - k/(-10)?
3
What is the hundreds digit of 4/(208/(-13)) - (-185978)/8?
2
Let f = -16 - -19. Suppose 0 = f*a - a. Suppose a = g - 167 + 21. What is the units digit of g?
6
Suppose 4*c - 7414 - 11471 = -5*g, -c + 3*g + 4717 = 0. What is the thousands digit of c?
4
Let u be ((-10)/(-6))/(4/360). Let b be (3/6 - -1)/(5/u). What is the tens digit of 12*2*b/20?
5
Let q(d) = 160*d**3 + d**2 - d + 1. Let b be q(1). Suppose 259 = -2*k + 3*k. Let o = k - b. What is the units digit of o?
8
Let y = 294 - 292. What is the hundreds digit of (766/(-5))/(y/(-5))?
3
Let w(p) = -p**3 - 2*p**2 - p + 9. Suppose 5*b = 3*m, -5*m + 7*b - 19 = 5*b. What is the tens digit of w(m)?
8
Suppose 2*b - g - 54 = 0, 5*g - 3*g - 74 = -3*b. Suppose -2640 = -b*a - 40. What is the tens digit of a?
0
Let l = 7406 + -3073. What is the units digit of l?
3
Let q be (-1 - (-82)/6) + 30/(-45). Suppose q*s - 2349 = 315. What is the tens digit of s?
2
Suppose 25*h - 44 - 81 = 0. Suppose -3*z + 20 = -8*z, h*f - 93 = -3*z. What is the units digit of f?
1
Let c(r) = 10*r**3 - 16*r**2 - 36*r - 22. Let g be c(9). Suppose -20*j + 7932 + g = 0. What is the tens digit of j?
7
Let u(s) = 136*s + 4. Let y be u(2). Let m = 612 - y. What is the tens digit of m?
3
Let z(w) = 317*w - 462. Let m(q) = 106*q - 155. Let x(p) = 8*m(p) - 3*z(p). What is the tens digit of x(-10)?
7
Suppose 22*q - 61*q = 79*q - 2975016. What is the ten thousands digit of q?
2
Let v(f) = 89*f**3 + 8*f**2 - 32*f + 250. What is the tens digit of v(8)?
7
Let y be -2035*(0 - 12/30). Suppose -5*w + 7992 = -2*c, -y = -2*w + 5*c + 2366. What is the thousands digit of w?
1
Suppose -5*b + 0 = -10. Let z be -2 + 2 + 332/b. Suppose 134 = 5*a - z. What is the tens digit of a?
6
Suppose 0 = -5*m - 0*m - 5, 3*m - 5073 = -4*o. Suppose -15*y = o - 7464. What is the tens digit of y?
1
Let l(q) = -4*q**2 + 2*q + 34. Let i be l(3). Suppose -3*a = -g - 1251, 9*g - i*g + 847 = 2*a. What is the units digit of a?
6
Let k(x) = -10541*x - 4865. What is the hundreds digit of k(-6)?
3
Let k(y) = -y**3 - 11*y**2 - 12*y - 20. Let l be k(-10). Let q be 4 - (l + 4) - -127. Let a = -74 + q. What is the tens digit of a?
5
Suppose 4*p - 55 = -51. Let h be (-2)/4*p + 120/48. Suppose -10*y + h*y = -584. What is the units digit of y?
3
Suppose 25*p = 27*p - 2282. Suppose -g - a = -p, -g + 2*a - a = -1141. What is the units digit of g?
1
Suppose 5*h - 545 = -t, -8 - 12 = -4*h. Let b = 881 - t. What is the hundreds digit of b?
3
Let g(p) = -296*p**3 + 4*p**2 - 16*p - 18. What is the ten thousands digit of g(-5)?
3
Suppose 15*w = 3069 - 939. Suppose t = -4*j + 251, -2*j - 21 = 5*t - w. Suppose -3*b - d + 445 = 0, 3*b + j - 506 = -2*d. What is the hundreds digit of b?
1
Suppose q + 0*q = -3*n + 711, -4*n + 5*q = -948. Let i = n + 53. What is the tens digit of i?
9
Let h = 7008 + -2850. What is the thousands digit of h?
4
Suppose -4*a - 66 = -15*a. Suppose -a*u + 65 - 11 = 0. Suppose -3*j + 99 = u. What is the units digit of j?
0
Let y be 18/(-4)*13/(273/(-3668)). Suppose -2*k = -3*t - 1031, -1271 - y = -4*k + 5*t. What is the tens digit of k?
0
Suppose -4*p + 8277 + 33434 = -r, -p = -5*r - 10404. What is the hundreds digit of p?
4
Let a = 4 - 14. Let v = a - -24. Let b = v - -5. What is the units digit of b?
9
What is the hundreds digit of (-120)/(-9)*(-31290)/(-350)?
1
Let m be ((-40)/(-4))/5 + (-15)/(-5). Suppose -m*t - 13*i + 12*i = -1786, 3*t - 1076 = -5*i. What is the units digit of t?
7
Let x(i) = i**3 + 26*i**2 + 26*i + 34. Let o be x(-25). Let j(u) = u**3 - 7*u**2 + u - 58. What is the tens digit of j(o)?
1
What is the hundreds digit of (-393 - -253)*(0 + (2 - 1) + -38)?
1
Let w = 750 + 15071. What is the thousands digit of w?
5
Suppose -11*m = 5*w - 13*m - 3201, w - 651 = -5